i - 152. Calculate the highest common divisor of 580 and m.
20
Let n = -338 - -578. Let h = n - 121. Let b be 20 - (1 + (-1 - -3)). What is the highest common divisor of h and b?
17
Let u be (-3)/2*26*1/1. Let d = u - -66. What is the highest common divisor of 189 and d?
27
Let o be 106 + -2*1/2. Let k be o + -2*(-1)/(-2). Suppose -t + 6*a + 23 = 11*a, a + 63 = 5*t. Calculate the highest common divisor of t and k.
13
Let c(f) = 4*f**2 - 2*f + 3. Suppose 6 = 9*z - 11*z. Let o be c(z). Calculate the highest common factor of o and 15.
15
Let h(i) = -4*i. Let g be h(1). Let s be 3/(-3) + (-48)/g. Let k be -5*22/5*-3. What is the highest common divisor of s and k?
11
Suppose 763 + 1877 = 15*x. What is the highest common factor of x and 33?
11
Let q(i) = -i + 8. Let a be q(6). Suppose 3*p - a = 7. Let b be (-2)/(-14) - 12/(-14). Calculate the greatest common divisor of p and b.
1
Suppose 8*p + 384 = 2*p. Let g = p + 88. Calculate the highest common divisor of g and 84.
12
Let b = 17 - 14. Suppose -w + 3 + b = -o, -4 = -2*o. Suppose 0 = 4*p - 4*h - 32, p - 4*h = -p + w. What is the greatest common divisor of 3 and p?
3
Let l = 32 - -37. Calculate the highest common divisor of 23 and l.
23
Suppose -5*p - 5*r = -2240, 3*p - 1344 = -3*r - r. What is the highest common divisor of 64 and p?
64
Suppose -99*o + 663 = -96*o. What is the greatest common divisor of o and 17?
17
Suppose 12*r - 1106 = 1390. Calculate the highest common divisor of 13 and r.
13
Let b be ((-3)/5)/((-3)/15). Suppose -b*k = 5*k - 392. Calculate the greatest common factor of k and 7.
7
Let f = -5 - -8. Let k = f + -3. Suppose k = 2*y + y - 105. Calculate the greatest common factor of y and 280.
35
Suppose -t = -2*t + 3. Suppose -4*h + 23*o = 22*o - 50, 0 = -5*h + 5*o + 70. What is the greatest common divisor of t and h?
3
Let h be (-4)/(-5 - -3) + 2. Suppose 2*c - 15 = 21. Suppose -4*k + 5*k = t - 7, 0 = -3*t + 2*k + c. What is the highest common factor of t and h?
4
Let i(r) = 4*r**3 + 23*r**2 - 5*r + 13. Let g be i(-6). What is the greatest common factor of 203 and g?
7
Suppose -4 = -u - 14. Let s(h) = -h**3 - 10*h**2 + 3*h + 14. Let k be s(u). Let w be -10*k/60*6. Calculate the greatest common divisor of w and 8.
8
Let q be (1058/4)/((3/2)/3). Suppose 5*a - 191 = q. Calculate the greatest common divisor of 16 and a.
16
Let j = -148 + 276. Calculate the greatest common factor of 160 and j.
32
Suppose -8*b + 7*b = -14. Suppose -512 = -22*g + 104. Calculate the greatest common divisor of b and g.
14
Let z = 19 + -34. Let u = -5 - z. Suppose -4*g + 2*g = -100. What is the highest common factor of g and u?
10
Let r = 79 + -46. Suppose 6 + r = 3*x. Calculate the greatest common divisor of 117 and x.
13
Let k(w) = -w**3 - 64*w**2 + 125*w + 42. Let l be k(-66). What is the greatest common divisor of 112 and l?
56
Let n(c) = c**2 + 17*c - 60. Let h be n(12). What is the greatest common factor of 84 and h?
12
Let k be ((0 + -5)*-4)/2. Suppose 82 = 16*i + 2. What is the highest common factor of k and i?
5
Let v(q) = 53*q + 24. Suppose 2*y - 3*y = -5, -2*x = 3*y - 27. Let i be v(x). What is the greatest common divisor of i and 38?
38
Let o be 3/8 - 59073/(-168). What is the highest common divisor of 8 and o?
8
Let n = -10 + -24. Let b = -19 - n. Suppose -w = 2*w - h - 11, -w - h = -9. What is the greatest common factor of b and w?
5
Let u be 4 - 8 - 14/(-2). Suppose 5*v - 12 = -3*i + 46, -u*v = -4*i + 29. Calculate the highest common factor of 22 and i.
11
Let w(j) = -53*j + 14. Let h be w(4). Let n be 1/(-2) + h/(-12). Suppose -4*r - 236 = -3*x, -r + 3 = 2*r. Calculate the greatest common divisor of n and x.
16
Let o be ((-57)/114)/(2/(-52)). Calculate the highest common factor of 1937 and o.
13
Let p = -323 + 428. What is the highest common factor of p and 231?
21
Let x be (-1 - 3/(-6))*2. Let a be (-57)/(-2 + x) - -2. What is the highest common factor of a and 21?
21
Suppose 2800 = -33*z + 37*z. Calculate the greatest common factor of 28 and z.
28
Let f = -26 - -39. Let i = f + 29. Calculate the highest common factor of 14 and i.
14
Let i(s) = -s**3 + 8*s**2 + 22*s + 1. Let b be i(10). Calculate the highest common factor of b and 231.
21
Let x be 35*(24/10 - 2). Let k = -39 - -99. Suppose -i = -3*i - 2*u + k, -4*u = -4*i + 160. Calculate the greatest common factor of i and x.
7
Let n(u) = u**2 + 14*u - 3. Let p be n(-15). Let q(h) = 2*h**2 - 2*h + 3. Let l be q(-4). Let w = l - 25. Calculate the highest common factor of p and w.
6
Suppose 259*d = 250*d + 684. Calculate the greatest common divisor of 608 and d.
76
Suppose -8121 = -41*w + 3318. What is the highest common factor of w and 18?
9
Let c(t) = -17*t - 31. Let u(d) = 3*d + 6. Let w(h) = 2*c(h) + 11*u(h). Let s be w(-7). Calculate the greatest common divisor of 33 and s.
11
Suppose 5*n + 2*a = 13 + 531, 5*a + 530 = 5*n. What is the highest common divisor of n and 864?
108
Suppose -5*k - 752 + 2902 = 0. Calculate the greatest common factor of k and 20.
10
Let x(s) = -s**3 - 3*s**2 + 5*s + 10. Let k be x(-4). Let z be (-1)/k - (-266)/12. Calculate the highest common divisor of 2 and z.
2
Let j = -550 + 888. Calculate the greatest common factor of j and 26.
26
Suppose -28*w = -48*w + 10440. Calculate the highest common divisor of w and 18.
18
Let i = 2 + -4. Let g be (-5)/i - (-2)/4. Suppose a + 2*z + 73 = 6*a, 0 = 3*z - 3. Calculate the greatest common factor of g and a.
3
Let f(m) = m**3 - 13*m**2 + 18*m - 6. Let q be f(11). Let y = q - -60. Calculate the highest common divisor of 80 and y.
10
Let q = -368 + 463. What is the highest common factor of q and 190?
95
Suppose -31*k + 31 = -93. Calculate the highest common factor of k and 68.
4
Let p(n) = 8*n**2 + 57*n + 10. Let d be p(-7). Calculate the greatest common factor of d and 237.
3
Suppose -71*l + 72*l - 854 = 0. Calculate the highest common divisor of 14 and l.
14
Suppose -309*k + 288 = -285*k. Calculate the highest common factor of k and 4.
4
Let f be (12/33 + (-45747)/(-187))*(-2)/(-5). Let d(n) = 2*n**2 + n - 1. Let s be d(-3). What is the greatest common factor of f and s?
14
Suppose 4*d = -3*w - w - 12, -4*d - 5*w = 17. Let q be 31/d - (-5)/(-10). What is the highest common divisor of 45 and q?
15
Let i(b) = -48 + 8*b + 95 - 47. Let k be i(1). Suppose 0 = o + 4*o - 360. Calculate the highest common factor of o and k.
8
Suppose 58*z - 24*z - 9758 = 0. What is the greatest common divisor of 41 and z?
41
Suppose 3*v - 2*n = 155, -7*n = -2*v - 3*n + 106. Suppose 29*c - 33*c = 5*q - 340, 2*q - c - 136 = 0. What is the greatest common divisor of q and v?
17
Let r = -112 - -68. Let z be 6/33 + 8/r + 45. Calculate the greatest common factor of z and 60.
15
Suppose 183 = 3*x - 3*q, 3*x + 4*q - 185 = 33. Suppose 16*m = 6*m - 220. Let y = m + x. Calculate the highest common factor of 11 and y.
11
Suppose n - 24 = -n - 2*y, 5*n - 5*y = 10. Suppose -g - 35 = -3*q, 0*g = -q - 2*g + n. Calculate the greatest common factor of q and 11.
11
Let x(f) = 9*f**2 + 3*f + 2. Let z be x(-1). Let a(u) = u**3 - 2*u + 12. Let r be a(0). Calculate the greatest common factor of z and r.
4
Suppose 0 = -2*l - 146 + 42. Let k = 103 + l. Let p = 72 - k. What is the greatest common factor of p and 105?
21
Let k be 2 - ((-10)/5*2 + 1). Suppose 1 = t - k. Let z = -65 - -95. What is the greatest common divisor of t and z?
6
Let x be 8/(-6)*(-3)/2. Suppose x*z = 2*t - 58, t - 5*t + 5*z = -113. Suppose 45 = 22*j - 43. What is the highest common divisor of j and t?
4
Suppose 2*k + 2*k - 1192 = 0. Suppose -28 = 6*t - k. Calculate the highest common divisor of t and 18.
9
Suppose -3*v = -2*y + 114, 9*y + 3*v = 5*y + 264. Suppose -5*c = -2*r + 23, 0 = -r + c + 2*c + 11. Calculate the highest common factor of y and r.
7
Let q(a) = -2*a**3 + 3*a**2 - 2. Let p be q(1). Let f(w) = -85*w**3 - 2*w**2 - w. Let g be f(p). What is the highest common divisor of g and 21?
21
Let r be (3 + 42/(-7))*(-26)/6. What is the highest common factor of r and 117?
13
Let f(a) = -a**2 - 17*a + 6. Let k be f(-14). Let g be (24/(-10) + 2)*5. Let z be (g + 1)*12*-1. Calculate the greatest common divisor of k and z.
12
Let b be 3/18 + (-25)/6. Let l = b + 18. What is the highest common factor of l and 21?
7
Suppose 29*i - 3487 + 1225 = 0. 